{"id":288,"date":"2024-10-08T10:39:02","date_gmt":"2024-10-08T10:39:02","guid":{"rendered":"https:\/\/water4all.ro\/watergreentreat\/?page_id=288"},"modified":"2025-01-15T12:02:25","modified_gmt":"2025-01-15T12:02:25","slug":"gepea-team","status":"publish","type":"page","link":"https:\/\/water4all.ro\/watergreentreat\/index.php\/gepea-team\/","title":{"rendered":"GEPEA Team"},"content":{"rendered":"\n<figure class=\"wp-block-table is-style-stripes\"><table class=\"has-fixed-layout\"><thead><tr><th class=\"has-text-align-center\" data-align=\"center\">Last Name<\/th><th class=\"has-text-align-center\" data-align=\"center\">First Name<\/th><th class=\"has-text-align-center\" data-align=\"center\">Position in the project<\/th><\/tr><\/thead><tbody><tr><td class=\"has-text-align-center\" data-align=\"center\"><strong>Gillon<\/strong><\/td><td class=\"has-text-align-center\" data-align=\"center\"><strong>Pascale<\/strong><\/td><td class=\"has-text-align-center\" data-align=\"center\"><strong>Project responsible -Partner P4<\/strong><br><em><strong>Research director at GEPEA: bioprocessing applied to microalgae<\/strong><\/em><\/td><\/tr><tr><td class=\"has-text-align-center\" data-align=\"center\"><strong> H\u00e9quet<\/strong><\/td><td class=\"has-text-align-center\" data-align=\"center\"><strong>Val\u00e9rie<\/strong> <\/td><td class=\"has-text-align-center\" data-align=\"center\"><strong><em>Professor<\/em><\/strong><\/td><\/tr><tr><td class=\"has-text-align-center\" data-align=\"center\"><strong>Durand-Thouand<\/strong><\/td><td class=\"has-text-align-center\" data-align=\"center\"><strong>Marie-Jos\u00e9 <\/strong><\/td><td class=\"has-text-align-center\" data-align=\"center\"><strong><em>Professor<\/em><\/strong><\/td><\/tr><tr><td class=\"has-text-align-center\" data-align=\"center\"><strong>Cazier<\/strong><\/td><td class=\"has-text-align-center\" data-align=\"center\"><strong>Elisabeth <\/strong><\/td><td class=\"has-text-align-center\" data-align=\"center\"><strong><em>Associate professor<\/em><\/strong><\/td><\/tr><tr><td class=\"has-text-align-center\" data-align=\"center\"><strong>Titica <\/strong><\/td><td class=\"has-text-align-center\" data-align=\"center\"><strong>Mariana<\/strong><\/td><td class=\"has-text-align-center\" data-align=\"center\"><strong><em>Associate professor<\/em><\/strong><\/td><\/tr><tr><td class=\"has-text-align-center\" data-align=\"center\"><strong>Assaf<\/strong><\/td><td class=\"has-text-align-center\" data-align=\"center\"><strong>Ali<\/strong><\/td><td class=\"has-text-align-center\" data-align=\"center\"><strong><em>Associate professor<\/em><\/strong><\/td><\/tr><tr><td class=\"has-text-align-center\" data-align=\"center\"><strong> Littorie<\/strong><\/td><td class=\"has-text-align-center\" data-align=\"center\"><strong>Florian<\/strong> <\/td><td class=\"has-text-align-center\" data-align=\"center\"><strong><em>PhD Student <\/em><\/strong><\/td><\/tr><tr><td class=\"has-text-align-center\" data-align=\"center\"><strong><em>Technician<\/em><\/strong><\/td><td class=\"has-text-align-center\" data-align=\"center\"><\/td><td class=\"has-text-align-center\" data-align=\"center\"><\/td><\/tr><\/tbody><\/table><\/figure>\n\n\n\n<p><\/p>\n","protected":false},"excerpt":{"rendered":"<p>Last Name First Name Position in the project Gillon Pascale Project responsible -Partner P4Research director at GEPEA: bioprocessing applied to microalgae H\u00e9quet Val\u00e9rie Professor Durand-Thouand Marie-Jos\u00e9 Professor Cazier Elisabeth Associate professor Titica Mariana Associate professor Assaf Ali Associate professor Littorie Florian PhD Student Technician<\/p>\n","protected":false},"author":1,"featured_media":0,"parent":0,"menu_order":0,"comment_status":"closed","ping_status":"closed","template":"","meta":{"footnotes":""},"class_list":["post-288","page","type-page","status-publish","hentry"],"_links":{"self":[{"href":"https:\/\/water4all.ro\/watergreentreat\/index.php\/wp-json\/wp\/v2\/pages\/288","targetHints":{"allow":["GET"]}}],"collection":[{"href":"https:\/\/water4all.ro\/watergreentreat\/index.php\/wp-json\/wp\/v2\/pages"}],"about":[{"href":"https:\/\/water4all.ro\/watergreentreat\/index.php\/wp-json\/wp\/v2\/types\/page"}],"author":[{"embeddable":true,"href":"https:\/\/water4all.ro\/watergreentreat\/index.php\/wp-json\/wp\/v2\/users\/1"}],"replies":[{"embeddable":true,"href":"https:\/\/water4all.ro\/watergreentreat\/index.php\/wp-json\/wp\/v2\/comments?post=288"}],"version-history":[{"count":3,"href":"https:\/\/water4all.ro\/watergreentreat\/index.php\/wp-json\/wp\/v2\/pages\/288\/revisions"}],"predecessor-version":[{"id":698,"href":"https:\/\/water4all.ro\/watergreentreat\/index.php\/wp-json\/wp\/v2\/pages\/288\/revisions\/698"}],"wp:attachment":[{"href":"https:\/\/water4all.ro\/watergreentreat\/index.php\/wp-json\/wp\/v2\/media?parent=288"}],"curies":[{"name":"wp","href":"https:\/\/api.w.org\/{rel}","templated":true}]}}