{"id":330,"date":"2024-10-09T08:10:53","date_gmt":"2024-10-09T08:10:53","guid":{"rendered":"https:\/\/water4all.ro\/watergreentreat\/?page_id=330"},"modified":"2024-10-29T11:27:34","modified_gmt":"2024-10-29T11:27:34","slug":"osszegzes","status":"publish","type":"page","link":"https:\/\/water4all.ro\/watergreentreat\/index.php\/hu\/osszegzes\/","title":{"rendered":"\u00d6sszefoglal\u00e1s"},"content":{"rendered":"\n<p class=\"has-black-color has-text-color has-background has-link-color has-medium-font-size wp-elements-decd7392b843acbc3862e43b38b9be27\" style=\"background-color:#d5f2c7\"><strong>A projekt c\u00e9ljai egyr\u00e9szt \u00f6kog\u00e9n f\u00e9m-oxid kompozitokb\u00f3l 3D-nyomtat\u00e1sos technol\u00f3gi\u00e1val olyan makropor\u00f3zus fotokataliz\u00e1torok el\u0151\u00e1ll\u00edt\u00e1sa, melyek egyes szerves szennyez\u0151anyagok elt\u00e1vol\u00edt\u00e1s\u00e1ra k\u00e9pesek szennyv\u00edzb\u0151l, m\u00e1sr\u00e9szt mikroalg\u00e1k szinergikus hat\u00e1s\u00e1nak vizsg\u00e1lata a szennyv\u00edzkezel\u00e9s \u00e9s visszanyert v\u00edz min\u0151s\u00e9g\u00e9re.<\/strong><\/p>\n\n\n\n<p class=\"has-text-align-center has-black-color has-text-color has-background has-link-color has-medium-font-size wp-elements-e285933583352f370f61ea7ebb44b150\" style=\"background-color:#f2f9ec\"><span><b>  <\/b><em style=\"font-weight: bold;\"> <\/em><\/span><strong>A kutat\u00e1s legf\u0151bb c\u00e9lkit\u0171z\u00e9sei:  <\/strong><\/p>\n\n\n\n<p class=\"has-text-align-left has-black-color has-text-color has-background has-link-color has-medium-font-size wp-elements-3b088e60784c4531cf6980eef68e99d5\" style=\"background-color:#f2f9ec\"><strong>(i) <\/strong>f\u00e9m-oxid nanor\u00e9szecsk\u00e9ken alapul\u00f3 fotokataliz\u00e1torok z\u00f6ld szint\u00e9zise,,<\/p>\n\n\n\n<p class=\"has-text-align-left has-black-color has-text-color has-background has-link-color has-medium-font-size wp-elements-79c26eb2ced045ced56b5ab23ac54e54\" style=\"background-color:#f2f9ec\"><strong>(ii) <\/strong>az \u00f6kol\u00f3gikusan el\u0151\u00e1ll\u00edtott f\u00e9m-oxidok haszn\u00e1lata 3D-nyomtatott strukt\u00far\u00e1k gy\u00e1rt\u00e1s\u00e1hoz, <\/p>\n\n\n\n<p class=\"has-text-align-left has-black-color has-text-color has-background has-link-color has-medium-font-size wp-elements-cff58e1e33891a90001159844ebffa76\" style=\"background-color:#f2f9ec\"><strong>(iii)<\/strong> az \u00edgy el\u0151\u00e1ll\u00edtott, f\u00e9m-oxid nanor\u00e9szecsk\u00e9ken alapul\u00fa fotokatalitikus szerkezetek alkalmaz\u00e1sa antibiotikumok \u00e9s fest\u00e9kanyagok gy\u00f3gyszer-\/textilipari szennyv\u00edzb\u0151l t\u00f6rt\u00e9n\u0151 elt\u00e1vol\u00edt\u00e1s\u00e1ra,<\/p>\n\n\n\n<p class=\"has-black-color has-text-color has-background has-link-color has-medium-font-size wp-elements-800b7ca3848b5c5691c3011dff49feb6\" style=\"background-color:#f2f9ec\"><strong>(iv) <\/strong>in vivo \u00f6kotoxikol\u00f3giai tesztek a szintetikus\/val\u00f3s szennyvizek alapvet\u0151 toxicit\u00e1s\u00e1nak meghat\u00e1roz\u00e1s\u00e1ra a kezel\u00e9s el\u0151tt \u00e9s ut\u00e1n:<\/p>\n\n\n\n<div class=\"wp-block-columns is-layout-flex wp-container-core-columns-is-layout-9d6595d7 wp-block-columns-is-layout-flex\">\n<div class=\"wp-block-column is-layout-flow wp-block-column-is-layout-flow\" style=\"flex-basis:50%\">\n<blockquote class=\"wp-block-quote has-text-align-left is-layout-flow wp-block-quote-is-layout-flow\">\n<ul class=\"wp-block-list has-white-background-color has-background\"><\/ul>\n<\/blockquote>\n<\/div>\n\n\n\n<div class=\"wp-block-column has-background is-layout-flow wp-block-column-is-layout-flow\" style=\"background-color:#f2f9ec;flex-basis:50%\">\n<ul class=\"wp-block-list\">\n<li>laborat\u00f3riumi\/\u00fcvegh\u00e1zi n\u00f6v\u00e9nyeken,<\/li>\n\n\n\n<li>Aliivibrio fischeri prokari\u00f3t\u00e1n,<\/li>\n\n\n\n<li>Daphnia magna v\u00edzi gerinctelenen,<\/li>\n\n\n\n<li>zebrad\u00e1ni\u00f3 (Danio rerio) embri\u00f3n<\/li>\n\n\n\n<li>zebrad\u00e1ni\u00f3 ikr\u00e1n,<\/li>\n<\/ul>\n<\/div>\n<\/div>\n\n\n\n<p class=\"has-text-align-left has-black-color has-text-color has-background has-link-color has-medium-font-size wp-elements-4403a006999f20bb7d083143531ea7de\" style=\"background-color:#f2f9ec\"><strong> (v)<\/strong> a 3D fotokataliz\u00e1torok \u00e9s mikroalg\u00e1k szerves szennyez\u0151anyagokat tartalmaz\u00f3 szintetikus \u00e9s val\u00f3di szennyvizekre gyakorolt szinergikus hat\u00e1sainak felm\u00e9r\u00e9se.<\/p>\n\n\n\n<p class=\"has-text-align-left has-black-color has-white-background-color has-text-color has-background has-link-color has-medium-font-size wp-elements-54f200b0fc2e76426cd52fbf3e593427\"><\/p>\n\n\n\n<p><\/p>\n","protected":false},"excerpt":{"rendered":"<p>A projekt c\u00e9ljai egyr\u00e9szt \u00f6kog\u00e9n f\u00e9m-oxid kompozitokb\u00f3l 3D-nyomtat\u00e1sos technol\u00f3gi\u00e1val olyan makropor\u00f3zus fotokataliz\u00e1torok el\u0151\u00e1ll\u00edt\u00e1sa, melyek egyes szerves szennyez\u0151anyagok elt\u00e1vol\u00edt\u00e1s\u00e1ra k\u00e9pesek szennyv\u00edzb\u0151l, m\u00e1sr\u00e9szt mikroalg\u00e1k szinergikus hat\u00e1s\u00e1nak vizsg\u00e1lata a szennyv\u00edzkezel\u00e9s \u00e9s visszanyert v\u00edz min\u0151s\u00e9g\u00e9re. A kutat\u00e1s legf\u0151bb c\u00e9lkit\u0171z\u00e9sei: (i) f\u00e9m-oxid nanor\u00e9szecsk\u00e9ken alapul\u00f3 fotokataliz\u00e1torok z\u00f6ld szint\u00e9zise,, (ii) az \u00f6kol\u00f3gikusan el\u0151\u00e1ll\u00edtott f\u00e9m-oxidok haszn\u00e1lata 3D-nyomtatott strukt\u00far\u00e1k gy\u00e1rt\u00e1s\u00e1hoz, (iii) az \u00edgy el\u0151\u00e1ll\u00edtott, [&hellip;]<\/p>\n","protected":false},"author":1,"featured_media":0,"parent":0,"menu_order":0,"comment_status":"closed","ping_status":"closed","template":"","meta":{"footnotes":""},"class_list":["post-330","page","type-page","status-publish","hentry"],"_links":{"self":[{"href":"https:\/\/water4all.ro\/watergreentreat\/index.php\/wp-json\/wp\/v2\/pages\/330","targetHints":{"allow":["GET"]}}],"collection":[{"href":"https:\/\/water4all.ro\/watergreentreat\/index.php\/wp-json\/wp\/v2\/pages"}],"about":[{"href":"https:\/\/water4all.ro\/watergreentreat\/index.php\/wp-json\/wp\/v2\/types\/page"}],"author":[{"embeddable":true,"href":"https:\/\/water4all.ro\/watergreentreat\/index.php\/wp-json\/wp\/v2\/users\/1"}],"replies":[{"embeddable":true,"href":"https:\/\/water4all.ro\/watergreentreat\/index.php\/wp-json\/wp\/v2\/comments?post=330"}],"version-history":[{"count":6,"href":"https:\/\/water4all.ro\/watergreentreat\/index.php\/wp-json\/wp\/v2\/pages\/330\/revisions"}],"predecessor-version":[{"id":647,"href":"https:\/\/water4all.ro\/watergreentreat\/index.php\/wp-json\/wp\/v2\/pages\/330\/revisions\/647"}],"wp:attachment":[{"href":"https:\/\/water4all.ro\/watergreentreat\/index.php\/wp-json\/wp\/v2\/media?parent=330"}],"curies":[{"name":"wp","href":"https:\/\/api.w.org\/{rel}","templated":true}]}}

Összefoglalás

<p class="has-black-color has-text-color has-background has-link-color has-medium-font-size wp-elements-decd7392b843acbc3862e43b38b9be27" style="background-color:#d5f2c7"><strong>A projekt céljai egyrészt ökogén fém-oxid kompozitokból 3D-nyomtatásos technológiával olyan makroporózus fotokatalizátorok előállítása, melyek egyes szerves szennyezőanyagok eltávolítására képesek szennyvízből, másrészt mikroalgák szinergikus hatásának vizsgálata a szennyvízkezelés és visszanyert víz minőségére.</strong></p>



<p class="has-text-align-center has-black-color has-text-color has-background has-link-color has-medium-font-size wp-elements-e285933583352f370f61ea7ebb44b150" style="background-color:#f2f9ec"><span><b>  </b><em style="font-weight: bold;"> </em></span><strong>A kutatás legfőbb célkitűzései:  </strong></p>



<p class="has-text-align-left has-black-color has-text-color has-background has-link-color has-medium-font-size wp-elements-3b088e60784c4531cf6980eef68e99d5" style="background-color:#f2f9ec"><strong>(i) </strong>fém-oxid nanorészecskéken alapuló fotokatalizátorok zöld szintézise,,</p>



<p class="has-text-align-left has-black-color has-text-color has-background has-link-color has-medium-font-size wp-elements-79c26eb2ced045ced56b5ab23ac54e54" style="background-color:#f2f9ec"><strong>(ii) </strong>az ökológikusan előállított fém-oxidok használata 3D-nyomtatott struktúrák gyártásához, </p>



<p class="has-text-align-left has-black-color has-text-color has-background has-link-color has-medium-font-size wp-elements-cff58e1e33891a90001159844ebffa76" style="background-color:#f2f9ec"><strong>(iii)</strong> az így előállított, fém-oxid nanorészecskéken alapulú fotokatalitikus szerkezetek alkalmazása antibiotikumok és festékanyagok gyógyszer-/textilipari szennyvízből történő eltávolítására,</p>



<p class="has-black-color has-text-color has-background has-link-color has-medium-font-size wp-elements-800b7ca3848b5c5691c3011dff49feb6" style="background-color:#f2f9ec"><strong>(iv) </strong>in vivo ökotoxikológiai tesztek a szintetikus/valós szennyvizek alapvető toxicitásának meghatározására a kezelés előtt és után:</p>



<div class="wp-block-columns is-layout-flex wp-container-core-columns-is-layout-9d6595d7 wp-block-columns-is-layout-flex">
<div class="wp-block-column is-layout-flow wp-block-column-is-layout-flow" style="flex-basis:50%">
<blockquote class="wp-block-quote has-text-align-left is-layout-flow wp-block-quote-is-layout-flow">
<ul class="wp-block-list has-white-background-color has-background"></ul>
</blockquote>
</div>



<div class="wp-block-column has-background is-layout-flow wp-block-column-is-layout-flow" style="background-color:#f2f9ec;flex-basis:50%">
<ul class="wp-block-list">
<li>laboratóriumi/üvegházi növényeken,</li>



<li>Aliivibrio fischeri prokariótán,</li>



<li>Daphnia magna vízi gerinctelenen,</li>



<li>zebradánió (Danio rerio) embrión</li>



<li>zebradánió ikrán,</li>
</ul>
</div>
</div>



<p class="has-text-align-left has-black-color has-text-color has-background has-link-color has-medium-font-size wp-elements-4403a006999f20bb7d083143531ea7de" style="background-color:#f2f9ec"><strong> (v)</strong> a 3D fotokatalizátorok és mikroalgák szerves szennyezőanyagokat tartalmazó szintetikus és valódi szennyvizekre gyakorolt szinergikus hatásainak felmérése.</p>



<p class="has-text-align-left has-black-color has-white-background-color has-text-color has-background has-link-color has-medium-font-size wp-elements-54f200b0fc2e76426cd52fbf3e593427"></p>



<p></p>

<p>A projekt céljai egyrészt ökogén fém-oxid kompozitokból 3D-nyomtatásos technológiával olyan makroporózus fotokatalizátorok előállítása, melyek egyes szerves szennyezőanyagok eltávolítására képesek szennyvízből, másrészt mikroalgák szinergikus hatásának vizsgálata a szennyvízkezelés és visszanyert víz minőségére. A kutatás legfőbb célkitűzései: (i) fém-oxid nanorészecskéken alapuló fotokatalizátorok zöld szintézise,, (ii) az ökológikusan előállított fém-oxidok használata 3D-nyomtatott struktúrák gyártásához, (iii) az így előállított, [&hellip;]</p>
