{"id":332,"date":"2024-10-09T08:11:20","date_gmt":"2024-10-09T08:11:20","guid":{"rendered":"https:\/\/water4all.ro\/watergreentreat\/?page_id=332"},"modified":"2024-10-29T13:54:39","modified_gmt":"2024-10-29T13:54:39","slug":"resume","status":"publish","type":"page","link":"https:\/\/water4all.ro\/watergreentreat\/index.php\/fr\/resume\/","title":{"rendered":"R\u00e9sum\u00e9"},"content":{"rendered":"\n<p class=\"has-black-color has-text-color has-background has-link-color has-medium-font-size wp-elements-6382bd763f236d2a18e324c9711edb22\" style=\"background-color:#d5f2c7\"><strong><em>L&#8217;objectif<\/em> de ce projet consiste \u00e0 produire des photocatalyseurs macroporeux bas\u00e9s sur des composites d&#8217;oxydes m\u00e9talliques \u00e9cog\u00e9niques (ecoMO) (ZnO\/CuO) par la technique de robocasting, mais \u00e9galement \u00e0 \u00e9valuer l&#8217;effet synergique induit par la pr\u00e9sence de microalgues dans l&#8217;\u00e9limination de polluants sp\u00e9cifiques pour le traitement des eaux us\u00e9es et l&#8217;utilisation de l&#8217;eau r\u00e9g\u00e9n\u00e9r\u00e9e en agriculture.<\/strong><\/p>\n\n\n\n<p class=\"has-text-align-center has-black-color has-text-color has-background has-link-color has-medium-font-size wp-elements-5f33a30ddb0485094589d83dd917430f\" style=\"background-color:#f2f9ec\"><strong>  <em> <mark style=\"background-color:rgba(0, 0, 0, 0)\" class=\"has-inline-color has-light-green-cyan-color\">Les principaux objectifs <\/mark><\/em> du projet sont les suivants <\/strong><\/p>\n\n\n\n<p class=\"has-text-align-left has-black-color has-text-color has-background has-link-color has-medium-font-size wp-elements-a0315f5f1542aab6b06a3e84933ae096\" style=\"background-color:#f2f9ec\"><strong>(i) <\/strong>la synth\u00e8se verte de photocatalyseurs \u00e0 base de nanoparticules (NPs) d&#8217;oxydes m\u00e9talliques (ZnO, CuO),,<\/p>\n\n\n\n<p class=\"has-text-align-left has-black-color has-text-color has-background has-link-color has-medium-font-size wp-elements-c1905aaa39f25004fb73410eaed8a8a5\" style=\"background-color:#f2f9ec\"><strong>(ii) <\/strong>des structures imprim\u00e9es en 3D \u00e0 base d&#8217;oxydes m\u00e9talliques \u00e9cog\u00e9niques via la technique de robocasting,<strong> <\/strong><\/p>\n\n\n\n<p class=\"has-text-align-left has-black-color has-text-color has-background has-link-color has-medium-font-size wp-elements-b3187bf315dc93505b9fb21dd410c377\" style=\"background-color:#f2f9ec\"><strong>(iii) <\/strong>l&#8217;utilisation des structures photocatalytiques 3D obtenues, \u00e0 base de nanoparticules d&#8217;oxydes m\u00e9talliques, pour \u00e9liminer des contaminants tels que des antibiotiques ou des colorants dans les eaux us\u00e9es g\u00e9n\u00e9r\u00e9es par l&#8217;industrie pharmaceutique\/textile,<\/p>\n\n\n\n<p class=\"has-black-color has-text-color has-background has-link-color has-medium-font-size wp-elements-f728c50098bf2f15c0db67536df5aa04\" style=\"background-color:#f2f9ec\"><strong>(iv)<\/strong> des tests \u00e9cotoxicologiques in vivo pour d\u00e9terminer la toxicit\u00e9 de base des eaux us\u00e9es synth\u00e9tiques\/r\u00e9elles, avant et apr\u00e8s traitement, sur des plantes de laboratoire\/serre, ainsi que des tests sur des organismes vivants : A. fischeri, Daphnia, test de toxicit\u00e9 embryonnaire sur le poisson z\u00e8bre (ZETA) et toxicit\u00e9 aigu\u00eb sur les \u0153ufs de poisson z\u00e8bre,<\/p>\n\n\n\n<p class=\"has-text-align-left has-black-color has-text-color has-background has-link-color has-medium-font-size wp-elements-e15e91107b900e1533b4fa4b65e1eaba\" style=\"background-color:#f2f9ec\"><strong> (v)<\/strong> l&#8217;utilisation des microalgues pour r\u00e9duire les esp\u00e8ces polluantes g\u00e9n\u00e9r\u00e9es lors du processus de photocatalyse,<\/p>\n\n\n\n<p class=\"has-text-align-left has-black-color has-text-color has-background has-link-color has-medium-font-size wp-elements-c554ca24daed3a5ff085858116eeedb4\" style=\"background-color:#f2f9ec\"><strong>(vi) <\/strong>l&#8217;\u00e9valuation de l&#8217;effet synergique induit par les structures photocatalytiques 3D et les microalgues au niveau laboratoire\/semi-industriel\/serre sur des eaux us\u00e9es synth\u00e9tiques (par l&#8217;ajout de m\u00e9dicaments\/colorants) et sur des eaux us\u00e9es r\u00e9elles (stations d&#8217;\u00e9puration).<\/p>\n\n\n\n<p><\/p>\n\n\n\n<p><\/p>\n","protected":false},"excerpt":{"rendered":"<p>L&#8217;objectif de ce projet consiste \u00e0 produire des photocatalyseurs macroporeux bas\u00e9s sur des composites d&#8217;oxydes m\u00e9talliques \u00e9cog\u00e9niques (ecoMO) (ZnO\/CuO) par la technique de robocasting, mais \u00e9galement \u00e0 \u00e9valuer l&#8217;effet synergique induit par la pr\u00e9sence de microalgues dans l&#8217;\u00e9limination de polluants sp\u00e9cifiques pour le traitement des eaux us\u00e9es et l&#8217;utilisation de l&#8217;eau r\u00e9g\u00e9n\u00e9r\u00e9e en agriculture. Les [&hellip;]<\/p>\n","protected":false},"author":1,"featured_media":0,"parent":0,"menu_order":0,"comment_status":"closed","ping_status":"closed","template":"","meta":{"footnotes":""},"class_list":["post-332","page","type-page","status-publish","hentry"],"_links":{"self":[{"href":"https:\/\/water4all.ro\/watergreentreat\/index.php\/wp-json\/wp\/v2\/pages\/332","targetHints":{"allow":["GET"]}}],"collection":[{"href":"https:\/\/water4all.ro\/watergreentreat\/index.php\/wp-json\/wp\/v2\/pages"}],"about":[{"href":"https:\/\/water4all.ro\/watergreentreat\/index.php\/wp-json\/wp\/v2\/types\/page"}],"author":[{"embeddable":true,"href":"https:\/\/water4all.ro\/watergreentreat\/index.php\/wp-json\/wp\/v2\/users\/1"}],"replies":[{"embeddable":true,"href":"https:\/\/water4all.ro\/watergreentreat\/index.php\/wp-json\/wp\/v2\/comments?post=332"}],"version-history":[{"count":2,"href":"https:\/\/water4all.ro\/watergreentreat\/index.php\/wp-json\/wp\/v2\/pages\/332\/revisions"}],"predecessor-version":[{"id":681,"href":"https:\/\/water4all.ro\/watergreentreat\/index.php\/wp-json\/wp\/v2\/pages\/332\/revisions\/681"}],"wp:attachment":[{"href":"https:\/\/water4all.ro\/watergreentreat\/index.php\/wp-json\/wp\/v2\/media?parent=332"}],"curies":[{"name":"wp","href":"https:\/\/api.w.org\/{rel}","templated":true}]}}